{"id":377,"date":"2022-07-03T19:37:28","date_gmt":"2022-07-03T17:37:28","guid":{"rendered":"http:\/\/salondulivrejeunessevaldedrome.ovh\/wp-content\/uploads\/2022\/07\/pomelo.jpg"},"modified":"2022-08-03T10:23:15","modified_gmt":"2022-08-03T08:23:15","slug":"pomelo","status":"inherit","type":"attachment","link":"https:\/\/salondulivrejeunessevaldedrome.ovh\/index.php\/edition-2022\/pomelo\/","title":{"rendered":"Ramona BADESCU"},"author":1,"comment_status":"open","ping_status":"closed","template":"","meta":[],"description":{"rendered":"<p class=\"attachment\"><a href='https:\/\/salondulivrejeunessevaldedrome.ovh\/wp-content\/uploads\/2022\/07\/pomelo.jpg'><img width=\"219\" height=\"300\" src=\"https:\/\/salondulivrejeunessevaldedrome.ovh\/wp-content\/uploads\/2022\/07\/pomelo-219x300.jpg\" class=\"attachment-medium size-medium\" alt=\"\" loading=\"lazy\" srcset=\"https:\/\/salondulivrejeunessevaldedrome.ovh\/wp-content\/uploads\/2022\/07\/pomelo-219x300.jpg 219w, https:\/\/salondulivrejeunessevaldedrome.ovh\/wp-content\/uploads\/2022\/07\/pomelo-749x1024.jpg 749w, https:\/\/salondulivrejeunessevaldedrome.ovh\/wp-content\/uploads\/2022\/07\/pomelo-768x1050.jpg 768w, https:\/\/salondulivrejeunessevaldedrome.ovh\/wp-content\/uploads\/2022\/07\/pomelo.jpg 920w\" sizes=\"(max-width: 219px) 100vw, 219px\" \/><\/a><\/p>\n<p>N\u00e9e en 1980 dans le sud de la Roumanie, Ramona BADESCU arrive \u00e0 l\u2019\u00e2ge de 10 ans dans le sud de la France, o\u00f9 elle vit depuis.<br \/>\nElle a publi\u00e9 une trentaine de livres pour enfants traduits aujourd&#8217;hui en une quinzaine de langues dont la s\u00e9rie d&#8217;albums &#8220;Pomelo&#8221; qu&#8217;elle cr\u00e9e depuis 18 ans avec Benjamin Chaud, au rythme approximatif et luxueux de &#8220;un par an&#8221;.<br \/>\nEn parall\u00e8le elle publie des albums en collaboration avec diff\u00e9rents illustrateurs ( Fanny Dreyer, Delphine Durand, Am\u00e9lie Jackowski, Ir\u00e8ne Schoch, Chiaki Miyamoto, Bruno Gibert, Walid Taher, Beno\u00eet Guillaume&#8230;) souvent chez Albin Michel Jeunesse, mais aussi chez Gallimard, Cambourakis, Les grandes personnes, Le port a jauni et H\u00e9lium.<br \/>\nDepuis 2010, elle, commence une s\u00e9rie de romans illustr\u00e9s, &#8220;Dans la for\u00eat&#8221;, dont les deux premiers titres &#8220;Tristesse et ch\u00e8vrefeuille&#8221; et &#8220;Le bal d&#8217;Automne&#8221; sont illustr\u00e9s par Aurore Callias. &#8220;Derri\u00e8re la brume&#8221; et &#8220;Jours color\u00e9s&#8221;, seront, eux, illustr\u00e9s par Am\u00e9lie Jackowski, (&#8220;Derri\u00e8re la brume&#8221; sera pr\u00e9sent dans la s\u00e9lection des P\u00e9pites 2016 du Salon de Montreuil).<\/p>\n<p>Plusieurs prix en France et \u00e0 l&#8217;\u00e9tranger r\u00e9compensent ces ouvrages, comme le prix Paris ce livre, Livre en t\u00eate,\u00a0 Peter Pan (Pays Bas) ou Le prix des libraires de Madrid.<br \/>\nEn 2011, Le New York Times choisira &#8220;Pomelo grandit&#8221;, comme &#8220;Notable Book 2011 &#8220;, soit l&#8217;un des 10 livres illustr\u00e9s ayant marqu\u00e9 l&#8217;ann\u00e9e aux Etats Unis.<br \/>\nEn 2015, elle publie &#8220;Tiens!&#8221; aux \u00e9ditions Les Grandes Personnes, livre dont elle r\u00e9alise \u00e9galement les photographies, et que la ville de Grenoble choisit d&#8217;offrir \u00e0 tous les nouveaux-n\u00e9s pour deux ans.<\/p>\n"},"caption":{"rendered":"<p>N\u00e9e en 1980 dans le sud de la Roumanie, Ramona BADESCU arrive \u00e0 l\u2019\u00e2ge de 10 ans dans le sud de la France, o\u00f9 elle vit depuis. Elle a publi\u00e9 une trentaine de livres pour enfants traduits aujourd&#8217;hui en une quinzaine de langues dont la s\u00e9rie d&#8217;albums &#8220;Pomelo&#8221; qu&#8217;elle cr\u00e9e depuis 18 ans avec Benjamin [&hellip;]<\/p>\n"},"alt_text":"","media_type":"image","mime_type":"image\/jpeg","media_details":{"width":920,"height":1258,"file":"2022\/07\/pomelo.jpg","sizes":{"medium":{"file":"pomelo-219x300.jpg","width":219,"height":300,"mime_type":"image\/jpeg","source_url":"https:\/\/salondulivrejeunessevaldedrome.ovh\/wp-content\/uploads\/2022\/07\/pomelo-219x300.jpg"},"large":{"file":"pomelo-749x1024.jpg","width":749,"height":1024,"mime_type":"image\/jpeg","source_url":"https:\/\/salondulivrejeunessevaldedrome.ovh\/wp-content\/uploads\/2022\/07\/pomelo-749x1024.jpg"},"thumbnail":{"file":"pomelo-150x150.jpg","width":150,"height":150,"mime_type":"image\/jpeg","source_url":"https:\/\/salondulivrejeunessevaldedrome.ovh\/wp-content\/uploads\/2022\/07\/pomelo-150x150.jpg"},"medium_large":{"file":"pomelo-768x1050.jpg","width":768,"height":1050,"mime_type":"image\/jpeg","source_url":"https:\/\/salondulivrejeunessevaldedrome.ovh\/wp-content\/uploads\/2022\/07\/pomelo-768x1050.jpg"},"full":{"file":"pomelo.jpg","width":920,"height":1258,"mime_type":"image\/jpeg","source_url":"https:\/\/salondulivrejeunessevaldedrome.ovh\/wp-content\/uploads\/2022\/07\/pomelo.jpg"}},"image_meta":{"aperture":"0","credit":"","camera":"","caption":"","created_timestamp":"0","copyright":"","focal_length":"0","iso":"0","shutter_speed":"0","title":"","orientation":"0","keywords":[]}},"post":373,"source_url":"https:\/\/salondulivrejeunessevaldedrome.ovh\/wp-content\/uploads\/2022\/07\/pomelo.jpg","_links":{"self":[{"href":"https:\/\/salondulivrejeunessevaldedrome.ovh\/index.php\/wp-json\/wp\/v2\/media\/377"}],"collection":[{"href":"https:\/\/salondulivrejeunessevaldedrome.ovh\/index.php\/wp-json\/wp\/v2\/media"}],"about":[{"href":"https:\/\/salondulivrejeunessevaldedrome.ovh\/index.php\/wp-json\/wp\/v2\/types\/attachment"}],"author":[{"embeddable":true,"href":"https:\/\/salondulivrejeunessevaldedrome.ovh\/index.php\/wp-json\/wp\/v2\/users\/1"}],"replies":[{"embeddable":true,"href":"https:\/\/salondulivrejeunessevaldedrome.ovh\/index.php\/wp-json\/wp\/v2\/comments?post=377"}]}}

<p class="attachment"><a href='https://salondulivrejeunessevaldedrome.ovh/wp-content/uploads/2022/07/pomelo.jpg'><img width="219" height="300" src="https://salondulivrejeunessevaldedrome.ovh/wp-content/uploads/2022/07/pomelo-219x300.jpg" class="attachment-medium size-medium" alt="" loading="lazy" srcset="https://salondulivrejeunessevaldedrome.ovh/wp-content/uploads/2022/07/pomelo-219x300.jpg 219w, https://salondulivrejeunessevaldedrome.ovh/wp-content/uploads/2022/07/pomelo-749x1024.jpg 749w, https://salondulivrejeunessevaldedrome.ovh/wp-content/uploads/2022/07/pomelo-768x1050.jpg 768w, https://salondulivrejeunessevaldedrome.ovh/wp-content/uploads/2022/07/pomelo.jpg 920w" sizes="(max-width: 219px) 100vw, 219px" /></a></p>
<p>Née en 1980 dans le sud de la Roumanie, Ramona BADESCU arrive à l’âge de 10 ans dans le sud de la France, où elle vit depuis.<br />
Elle a publié une trentaine de livres pour enfants traduits aujourd&#8217;hui en une quinzaine de langues dont la série d&#8217;albums &#8220;Pomelo&#8221; qu&#8217;elle crée depuis 18 ans avec Benjamin Chaud, au rythme approximatif et luxueux de &#8220;un par an&#8221;.<br />
En parallèle elle publie des albums en collaboration avec différents illustrateurs ( Fanny Dreyer, Delphine Durand, Amélie Jackowski, Irène Schoch, Chiaki Miyamoto, Bruno Gibert, Walid Taher, Benoît Guillaume&#8230;) souvent chez Albin Michel Jeunesse, mais aussi chez Gallimard, Cambourakis, Les grandes personnes, Le port a jauni et Hélium.<br />
Depuis 2010, elle, commence une série de romans illustrés, &#8220;Dans la forêt&#8221;, dont les deux premiers titres &#8220;Tristesse et chèvrefeuille&#8221; et &#8220;Le bal d&#8217;Automne&#8221; sont illustrés par Aurore Callias. &#8220;Derrière la brume&#8221; et &#8220;Jours colorés&#8221;, seront, eux, illustrés par Amélie Jackowski, (&#8220;Derrière la brume&#8221; sera présent dans la sélection des Pépites 2016 du Salon de Montreuil).</p>
<p>Plusieurs prix en France et à l&#8217;étranger récompensent ces ouvrages, comme le prix Paris ce livre, Livre en tête,  Peter Pan (Pays Bas) ou Le prix des libraires de Madrid.<br />
En 2011, Le New York Times choisira &#8220;Pomelo grandit&#8221;, comme &#8220;Notable Book 2011 &#8220;, soit l&#8217;un des 10 livres illustrés ayant marqué l&#8217;année aux Etats Unis.<br />
En 2015, elle publie &#8220;Tiens!&#8221; aux éditions Les Grandes Personnes, livre dont elle réalise également les photographies, et que la ville de Grenoble choisit d&#8217;offrir à tous les nouveaux-nés pour deux ans.</p>

<p>Née en 1980 dans le sud de la Roumanie, Ramona BADESCU arrive à l’âge de 10 ans dans le sud de la France, où elle vit depuis. Elle a publié une trentaine de livres pour enfants traduits aujourd&#8217;hui en une quinzaine de langues dont la série d&#8217;albums &#8220;Pomelo&#8221; qu&#8217;elle crée depuis 18 ans avec Benjamin [&hellip;]</p>
