{"id":15,"date":"2021-05-07T20:21:25","date_gmt":"2021-05-07T18:21:25","guid":{"rendered":"http:\/\/salondulivrejeunessevaldedrome.ovh\/?page_id=15"},"modified":"2023-08-28T10:39:42","modified_gmt":"2023-08-28T08:39:42","slug":"auteurs","status":"publish","type":"page","link":"https:\/\/salondulivrejeunessevaldedrome.ovh\/index.php\/auteurs\/","title":{"rendered":"Salon du Livre Jeunesse en Val de Dr\u00f4me"},"content":{"rendered":"\n<p>Chaque ann\u00e9e, le troisi\u00e8me week-end du mois de novembre, venez vous immerger dans la litt\u00e9rature jeunesse. Le salon, situ\u00e9 \u00e0 La Gare \u00e0 Coulisses \u00e0 Eurre a eu l&#8217;honneur d&#8217;accueillir des auteurs comme Jean Claverie ci-dessous en d\u00e9dicaces et de nombreux autres auteurs\/illustrateurs de renomm\u00e9e nationale et internationale.<\/p>\n\n\n\n<figure class=\"wp-block-image size-large\"><img loading=\"lazy\" width=\"1024\" height=\"867\" src=\"http:\/\/salondulivrejeunessevaldedrome.ovh\/wp-content\/uploads\/2022\/10\/2021-11-24_recDSC_7888-1-1024x867.jpg\" alt=\"\" class=\"wp-image-430\" srcset=\"https:\/\/salondulivrejeunessevaldedrome.ovh\/wp-content\/uploads\/2022\/10\/2021-11-24_recDSC_7888-1-1024x867.jpg 1024w, https:\/\/salondulivrejeunessevaldedrome.ovh\/wp-content\/uploads\/2022\/10\/2021-11-24_recDSC_7888-1-300x254.jpg 300w, https:\/\/salondulivrejeunessevaldedrome.ovh\/wp-content\/uploads\/2022\/10\/2021-11-24_recDSC_7888-1-768x651.jpg 768w, https:\/\/salondulivrejeunessevaldedrome.ovh\/wp-content\/uploads\/2022\/10\/2021-11-24_recDSC_7888-1-1536x1301.jpg 1536w, https:\/\/salondulivrejeunessevaldedrome.ovh\/wp-content\/uploads\/2022\/10\/2021-11-24_recDSC_7888-1-2048x1735.jpg 2048w, https:\/\/salondulivrejeunessevaldedrome.ovh\/wp-content\/uploads\/2022\/10\/2021-11-24_recDSC_7888-1-1200x1017.jpg 1200w, https:\/\/salondulivrejeunessevaldedrome.ovh\/wp-content\/uploads\/2022\/10\/2021-11-24_recDSC_7888-1-1980x1677.jpg 1980w\" sizes=\"(max-width: 1024px) 100vw, 1024px\" \/><\/figure>\n\n\n\n<h5><strong>Vous y retrouverez les auteurs et illustrateurs en d\u00e9dicaces, un espace librairie vous pr\u00e9sentant les livres des auteurs et illustrateurs pr\u00e9sents, ainsi qu&#8217;une s\u00e9lection de livres pour la jeunesse, des contes, un entresort en caravane&#8230;<\/strong> <\/h5>\n\n\n\n<h5><span style=\"color:#030506\" class=\"has-inline-color\">Rencontrez les auteurs lors des ateliers propos\u00e9s aux enfants et aux plus grands. <\/span><\/h5>\n\n\n\n<h5><span style=\"color:#030506\" class=\"has-inline-color\">Venez voyager en litt\u00e9rature et spectacle jeunesse, boire un th\u00e9, go\u00fbter dans une ambiance chaleureuse<\/span> sous le kiosque de La Gare \u00e0 Coulisses. <\/h5>\n\n\n\n<figure class=\"wp-block-image size-large\"><img loading=\"lazy\" width=\"718\" height=\"1000\" src=\"http:\/\/salondulivrejeunessevaldedrome.ovh\/wp-content\/uploads\/2021\/10\/A5-Salon-livre-jeunesse-R\u00b0-1.jpg\" alt=\"\" class=\"wp-image-302\" srcset=\"https:\/\/salondulivrejeunessevaldedrome.ovh\/wp-content\/uploads\/2021\/10\/A5-Salon-livre-jeunesse-R\u00b0-1.jpg 718w, https:\/\/salondulivrejeunessevaldedrome.ovh\/wp-content\/uploads\/2021\/10\/A5-Salon-livre-jeunesse-R\u00b0-1-215x300.jpg 215w\" sizes=\"(max-width: 718px) 100vw, 718px\" \/><\/figure>\n\n\n\n<p>Affiche de l&#8217;\u00e9dition 2021.<\/p>\n\n\n\n<div class=\"wp-block-media-text alignwide is-stacked-on-mobile\"><figure class=\"wp-block-media-text__media\"><img loading=\"lazy\" width=\"1024\" height=\"467\" src=\"http:\/\/salondulivrejeunessevaldedrome.ovh\/wp-content\/uploads\/2021\/10\/Gare-a-coulisse-map-1024x467.png\" alt=\"\" class=\"wp-image-268\" srcset=\"https:\/\/salondulivrejeunessevaldedrome.ovh\/wp-content\/uploads\/2021\/10\/Gare-a-coulisse-map-1024x467.png 1024w, https:\/\/salondulivrejeunessevaldedrome.ovh\/wp-content\/uploads\/2021\/10\/Gare-a-coulisse-map-300x137.png 300w, https:\/\/salondulivrejeunessevaldedrome.ovh\/wp-content\/uploads\/2021\/10\/Gare-a-coulisse-map-768x350.png 768w, https:\/\/salondulivrejeunessevaldedrome.ovh\/wp-content\/uploads\/2021\/10\/Gare-a-coulisse-map-1200x547.png 1200w, https:\/\/salondulivrejeunessevaldedrome.ovh\/wp-content\/uploads\/2021\/10\/Gare-a-coulisse-map.png 1299w\" sizes=\"(max-width: 1024px) 100vw, 1024px\" \/><\/figure><div class=\"wp-block-media-text__content\">\n<p><a href=\"https:\/\/www.google.com\/maps\/place\/La+Gare+%C3%A0+Coulisses\/@44.7382342,4.9616714,13.21z\/data=!4m5!3m4!1s0x12b55747bc373d2f:0x10677b071bac2eef!8m2!3d44.7355537!4d4.9771933\" target=\"_blank\" rel=\"noreferrer noopener\">https:\/\/www.google.com\/maps\/place\/La+Gare+%C3%A0+Coulisses\/@44.7382342,4.9616714,13.21z\/data=!4m5!3m4!1s0x12b55747bc373d2f:0x10677b071bac2eef!8m2!3d44.7355537!4d4.9771933<\/a><\/p>\n<\/div><\/div>\n\n\n\n<p class=\"has-text-align-center has-accent-color has-text-color has-larger-font-size\"><a href=\"http:\/\/salondulivrejeunessevaldedrome.ovh\/index.php\/edition-2022\/\" data-type=\"URL\" data-id=\"http:\/\/salondulivrejeunessevaldedrome.ovh\/index.php\/edition-2022\/\"><strong>Pour se renseigner sur les \u00e9ditions 2022 et 2023 consultez la page d\u00e9di\u00e9e. <\/strong><\/a><\/p>\n\n\n\n<p><\/p>\n\n\n\n<p>Ci-dessous : l&#8217;\u00e9dition 2021. <\/p>\n\n\n\n<h4 class=\"has-text-align-center\"><span style=\"color:#0c0d0d\" class=\"has-inline-color\">Samedi 20 et le dimanche 21 novembre 2021 <\/span><\/h4>\n\n\n\n<h5>V<span style=\"color:#0c0d0d\" class=\"has-inline-color\">enez au salon du livre jeunesse en val de Dr\u00f4me <\/span>sous le chapiteau de la Gare \u00e0 Coulisses !<\/h5>\n\n\n\n<h5> <strong>Le travail de partenariat entre l\u2019\u00e9quipe de la Gare et l\u2019association La culture d\u00e9livre a permis l\u2019\u00e9volution du salon vers cette toute nouvelle \u00e9dition 2021&nbsp;!<\/strong> <\/h5>\n\n\n\n<h5><strong>Voici donc une 13e \u00e9dition ambitieuse, riche en rencontres et d\u00e9couvertes avec notamment la venue d&#8217;une pointure fran\u00e7aise de la litt\u00e9rature jeunesse : Jean Claverie<\/strong> ! <\/h5>\n\n\n\n<h5>En d\u00e9dicace lors de cette \u00e9dition 2021, Jean CLAVERIE, Philippe-Henri TURIN, Erik L&#8217;HOMME, Christine FRASSETO, Alexandra HUARD, Audrey CALLEJA, L\u00e9ah TOUITOU, G\u00e9raldine ALIBEU, Mehdi MARION, Christelle VALLAT, Manon ROUGIER et d&#8217;autres auteurs locaux&#8230; horaires de d\u00e9dicaces sur les pages des auteurs, cliquez sur lespremi\u00e8res de couverture, c&#8217;est ici :<\/h5>\n\n\n\n<figure class=\"wp-block-gallery aligncenter columns-2 is-cropped\"><ul class=\"blocks-gallery-grid\"><li class=\"blocks-gallery-item\"><figure><a href=\"http:\/\/salondulivrejeunessevaldedrome.ovh\/index.php\/auteurs\/little-lou\/\"><img loading=\"lazy\" width=\"318\" height=\"464\" src=\"http:\/\/salondulivrejeunessevaldedrome.ovh\/wp-content\/uploads\/2021\/05\/little-lou.jpg\" alt=\"\" data-id=\"51\" data-full-url=\"http:\/\/salondulivrejeunessevaldedrome.ovh\/wp-content\/uploads\/2021\/05\/little-lou.jpg\" data-link=\"http:\/\/salondulivrejeunessevaldedrome.ovh\/index.php\/auteurs\/little-lou\/\" class=\"wp-image-51\" srcset=\"https:\/\/salondulivrejeunessevaldedrome.ovh\/wp-content\/uploads\/2021\/05\/little-lou.jpg 318w, https:\/\/salondulivrejeunessevaldedrome.ovh\/wp-content\/uploads\/2021\/05\/little-lou-206x300.jpg 206w\" sizes=\"(max-width: 318px) 100vw, 318px\" \/><\/a><figcaption class=\"blocks-gallery-item__caption\"><a href=\"http:\/\/www.jeanclaverie.fr\/\" target=\"_blank\" rel=\"noreferrer noopener\">Jean Claverie<\/a><\/figcaption><\/figure><\/li><li class=\"blocks-gallery-item\"><figure><a href=\"http:\/\/salondulivrejeunessevaldedrome.ovh\/index.php\/auteurs\/philippe-henri-turin\/\"><img loading=\"lazy\" width=\"195\" height=\"279\" src=\"http:\/\/salondulivrejeunessevaldedrome.ovh\/wp-content\/uploads\/2021\/05\/philippe-henri-turin.jpg\" alt=\"Philippe-Henri Turin, n\u00e9 le 15 ao\u00fbt 1963, fait ses \u00e9tudes de dessin \u00e0 l\u2019\u00e9cole Emile Cohl de Lyon, avant de travailler une ann\u00e9e pour le studio d\u2019animation Folimage de Valence. C\u2019est l\u2019ann\u00e9e suivante qu\u2019il commence sa carri\u00e8re d\u2019illustrateur pour les \u00e9ditions Milan et les \u00e9ditions Albin Michel. Suivrons trente ans de travail, des dizaines de livres (romans et albums) et des illustrations pour des mensuels jeunesse. Deux auteurs, Sylvie Chausse et Alex Cousseau, \u00e9criront plusieurs livres qu\u2019il illustrera : les Ogres, Tendres Dragons, L\u2019art d\u2019\u00eatre chat ainsi que Les trois loups, Je veux \u00eatre une maman tout de suite !, Pangbotchiet la s\u00e9rie des Charles le dragonqui paraissent depuis 2010 aux \u00e9ditions du Seuil jeunesse.\" data-id=\"52\" data-full-url=\"http:\/\/salondulivrejeunessevaldedrome.ovh\/wp-content\/uploads\/2021\/05\/philippe-henri-turin.jpg\" data-link=\"http:\/\/salondulivrejeunessevaldedrome.ovh\/index.php\/auteurs\/philippe-henri-turin\/\" class=\"wp-image-52\"\/><\/a><figcaption class=\"blocks-gallery-item__caption\">Philippe Henri Turin<\/figcaption><\/figure><\/li><li class=\"blocks-gallery-item\"><figure><a href=\"http:\/\/salondulivrejeunessevaldedrome.ovh\/index.php\/auteurs\/audrey-calleja\/\"><img loading=\"lazy\" width=\"1098\" height=\"1287\" src=\"http:\/\/salondulivrejeunessevaldedrome.ovh\/wp-content\/uploads\/2021\/05\/audrey-calleja.jpg\" alt=\"\" data-id=\"49\" data-full-url=\"http:\/\/salondulivrejeunessevaldedrome.ovh\/wp-content\/uploads\/2021\/05\/audrey-calleja.jpg\" data-link=\"http:\/\/salondulivrejeunessevaldedrome.ovh\/index.php\/auteurs\/audrey-calleja\/\" class=\"wp-image-49\" srcset=\"https:\/\/salondulivrejeunessevaldedrome.ovh\/wp-content\/uploads\/2021\/05\/audrey-calleja.jpg 1098w, https:\/\/salondulivrejeunessevaldedrome.ovh\/wp-content\/uploads\/2021\/05\/audrey-calleja-256x300.jpg 256w, https:\/\/salondulivrejeunessevaldedrome.ovh\/wp-content\/uploads\/2021\/05\/audrey-calleja-874x1024.jpg 874w, https:\/\/salondulivrejeunessevaldedrome.ovh\/wp-content\/uploads\/2021\/05\/audrey-calleja-768x900.jpg 768w\" sizes=\"(max-width: 1098px) 100vw, 1098px\" \/><\/a><figcaption class=\"blocks-gallery-item__caption\"><a href=\"https:\/\/www.audreycalleja.com\/\" target=\"_blank\" rel=\"noreferrer noopener\">https:\/\/www.audreycalleja.com\/<\/a><\/figcaption><\/figure><\/li><li class=\"blocks-gallery-item\"><figure><a href=\"http:\/\/salondulivrejeunessevaldedrome.ovh\/index.php\/auteurs\/geraldine-alibeu\/\"><img loading=\"lazy\" width=\"508\" height=\"663\" src=\"http:\/\/salondulivrejeunessevaldedrome.ovh\/wp-content\/uploads\/2021\/05\/geraldine-Alibeu.jpg\" alt=\"\" data-id=\"50\" data-full-url=\"http:\/\/salondulivrejeunessevaldedrome.ovh\/wp-content\/uploads\/2021\/05\/geraldine-Alibeu.jpg\" data-link=\"http:\/\/salondulivrejeunessevaldedrome.ovh\/index.php\/auteurs\/geraldine-alibeu\/\" class=\"wp-image-50\" srcset=\"https:\/\/salondulivrejeunessevaldedrome.ovh\/wp-content\/uploads\/2021\/05\/geraldine-Alibeu.jpg 508w, https:\/\/salondulivrejeunessevaldedrome.ovh\/wp-content\/uploads\/2021\/05\/geraldine-Alibeu-230x300.jpg 230w\" sizes=\"(max-width: 508px) 100vw, 508px\" \/><\/a><figcaption class=\"blocks-gallery-item__caption\"><a href=\"https:\/\/geraldinealibeu.com\/\" target=\"_blank\" rel=\"noreferrer noopener\">https:\/\/geraldinealibeu.com\/<\/a><\/figcaption><\/figure><\/li><li class=\"blocks-gallery-item\"><figure><a href=\"http:\/\/salondulivrejeunessevaldedrome.ovh\/index.php\/auteurs\/leah-touitou\/\"><img loading=\"lazy\" width=\"650\" height=\"910\" src=\"http:\/\/salondulivrejeunessevaldedrome.ovh\/wp-content\/uploads\/2021\/10\/leah-touitou.jpg\" alt=\"\" data-id=\"277\" data-full-url=\"http:\/\/salondulivrejeunessevaldedrome.ovh\/wp-content\/uploads\/2021\/10\/leah-touitou.jpg\" data-link=\"http:\/\/salondulivrejeunessevaldedrome.ovh\/index.php\/auteurs\/leah-touitou\/\" class=\"wp-image-277\" srcset=\"https:\/\/salondulivrejeunessevaldedrome.ovh\/wp-content\/uploads\/2021\/10\/leah-touitou.jpg 650w, https:\/\/salondulivrejeunessevaldedrome.ovh\/wp-content\/uploads\/2021\/10\/leah-touitou-214x300.jpg 214w\" sizes=\"(max-width: 650px) 100vw, 650px\" \/><\/a><figcaption class=\"blocks-gallery-item__caption\"><a href=\"https:\/\/www.facebook.com\/leahtouitouPro\/\" target=\"_blank\" rel=\"noreferrer noopener\">h<\/a><a href=\"https:\/\/www.facebook.com\/leahtouitouPro\/\" data-type=\"URL\" data-id=\"https:\/\/www.facebook.com\/leahtouitouPro\/\" target=\"_blank\" rel=\"noreferrer noopener\">ttps:\/\/www.facebook.com\/leahtouitouPro\/alblog.com\/<\/a><\/figcaption><\/figure><\/li><li class=\"blocks-gallery-item\"><figure><a href=\"http:\/\/salondulivrejeunessevaldedrome.ovh\/index.php\/auteurs\/erik-l-homme\/\"><img loading=\"lazy\" width=\"319\" height=\"340\" src=\"http:\/\/salondulivrejeunessevaldedrome.ovh\/wp-content\/uploads\/2021\/10\/erik-l-homme.jpg\" alt=\"\" data-id=\"274\" data-full-url=\"http:\/\/salondulivrejeunessevaldedrome.ovh\/wp-content\/uploads\/2021\/10\/erik-l-homme.jpg\" data-link=\"http:\/\/salondulivrejeunessevaldedrome.ovh\/index.php\/auteurs\/erik-l-homme\/\" class=\"wp-image-274\" srcset=\"https:\/\/salondulivrejeunessevaldedrome.ovh\/wp-content\/uploads\/2021\/10\/erik-l-homme.jpg 319w, https:\/\/salondulivrejeunessevaldedrome.ovh\/wp-content\/uploads\/2021\/10\/erik-l-homme-281x300.jpg 281w\" sizes=\"(max-width: 319px) 100vw, 319px\" \/><\/a><figcaption class=\"blocks-gallery-item__caption\">Erik L&#8217;Homme\n<\/figcaption><\/figure><\/li><li class=\"blocks-gallery-item\"><figure><a href=\"http:\/\/salondulivrejeunessevaldedrome.ovh\/index.php\/auteurs\/maquette-decoupes-verso-2\/\"><img loading=\"lazy\" width=\"400\" height=\"624\" src=\"http:\/\/salondulivrejeunessevaldedrome.ovh\/wp-content\/uploads\/2021\/10\/christelle-vallat.jpg\" alt=\"\" data-id=\"276\" data-full-url=\"http:\/\/salondulivrejeunessevaldedrome.ovh\/wp-content\/uploads\/2021\/10\/christelle-vallat.jpg\" data-link=\"http:\/\/salondulivrejeunessevaldedrome.ovh\/index.php\/auteurs\/maquette-decoupes-verso-2\/\" class=\"wp-image-276\" srcset=\"https:\/\/salondulivrejeunessevaldedrome.ovh\/wp-content\/uploads\/2021\/10\/christelle-vallat.jpg 400w, https:\/\/salondulivrejeunessevaldedrome.ovh\/wp-content\/uploads\/2021\/10\/christelle-vallat-192x300.jpg 192w\" sizes=\"(max-width: 400px) 100vw, 400px\" \/><\/a><figcaption class=\"blocks-gallery-item__caption\"><a href=\"https:\/\/www.babelio.com\/auteur\/Christelle-Vallat\/216742\">https:\/\/www.babelio.com\/auteur\/Christelle-Vallat\/216742<\/a><\/figcaption><\/figure><\/li><li class=\"blocks-gallery-item\"><figure><a href=\"http:\/\/salondulivrejeunessevaldedrome.ovh\/index.php\/auteurs\/frasseto-triple-galop\/\"><img loading=\"lazy\" width=\"280\" height=\"397\" src=\"http:\/\/salondulivrejeunessevaldedrome.ovh\/wp-content\/uploads\/2021\/10\/frasseto-triple-galop.jpg\" alt=\"\" data-id=\"281\" data-full-url=\"http:\/\/salondulivrejeunessevaldedrome.ovh\/wp-content\/uploads\/2021\/10\/frasseto-triple-galop.jpg\" data-link=\"http:\/\/salondulivrejeunessevaldedrome.ovh\/index.php\/auteurs\/frasseto-triple-galop\/\" class=\"wp-image-281\" srcset=\"https:\/\/salondulivrejeunessevaldedrome.ovh\/wp-content\/uploads\/2021\/10\/frasseto-triple-galop.jpg 280w, https:\/\/salondulivrejeunessevaldedrome.ovh\/wp-content\/uploads\/2021\/10\/frasseto-triple-galop-212x300.jpg 212w\" sizes=\"(max-width: 280px) 100vw, 280px\" \/><\/a><figcaption class=\"blocks-gallery-item__caption\"><a href=\"http:\/\/christinefrasseto.fr\/\">http:\/\/christinefrasseto.fr\/<\/a><\/figcaption><\/figure><\/li><li class=\"blocks-gallery-item\"><figure><a href=\"http:\/\/salondulivrejeunessevaldedrome.ovh\/index.php\/auteurs\/visuel-couverture-bruitdesgalets\/\"><img loading=\"lazy\" width=\"1847\" height=\"2560\" src=\"http:\/\/salondulivrejeunessevaldedrome.ovh\/wp-content\/uploads\/2021\/10\/visuel-couverture-bruitdesgalets-scaled.jpg\" alt=\"\" data-id=\"310\" data-full-url=\"http:\/\/salondulivrejeunessevaldedrome.ovh\/wp-content\/uploads\/2021\/10\/visuel-couverture-bruitdesgalets-scaled.jpg\" data-link=\"http:\/\/salondulivrejeunessevaldedrome.ovh\/index.php\/auteurs\/visuel-couverture-bruitdesgalets\/\" class=\"wp-image-310\" srcset=\"https:\/\/salondulivrejeunessevaldedrome.ovh\/wp-content\/uploads\/2021\/10\/visuel-couverture-bruitdesgalets-scaled.jpg 1847w, https:\/\/salondulivrejeunessevaldedrome.ovh\/wp-content\/uploads\/2021\/10\/visuel-couverture-bruitdesgalets-216x300.jpg 216w, https:\/\/salondulivrejeunessevaldedrome.ovh\/wp-content\/uploads\/2021\/10\/visuel-couverture-bruitdesgalets-739x1024.jpg 739w, https:\/\/salondulivrejeunessevaldedrome.ovh\/wp-content\/uploads\/2021\/10\/visuel-couverture-bruitdesgalets-768x1065.jpg 768w, https:\/\/salondulivrejeunessevaldedrome.ovh\/wp-content\/uploads\/2021\/10\/visuel-couverture-bruitdesgalets-1108x1536.jpg 1108w, https:\/\/salondulivrejeunessevaldedrome.ovh\/wp-content\/uploads\/2021\/10\/visuel-couverture-bruitdesgalets-1478x2048.jpg 1478w, https:\/\/salondulivrejeunessevaldedrome.ovh\/wp-content\/uploads\/2021\/10\/visuel-couverture-bruitdesgalets-1200x1663.jpg 1200w, https:\/\/salondulivrejeunessevaldedrome.ovh\/wp-content\/uploads\/2021\/10\/visuel-couverture-bruitdesgalets-1980x2744.jpg 1980w\" sizes=\"(max-width: 1847px) 100vw, 1847px\" \/><\/a><figcaption class=\"blocks-gallery-item__caption\"><a href=\"http:\/\/manonrougier.blogspot.com\/\" data-type=\"URL\" data-id=\"http:\/\/manonrougier.blogspot.com\/\">http:\/\/manonrougier.blogspot.com\/<\/a><\/figcaption><\/figure><\/li><li class=\"blocks-gallery-item\"><figure><a href=\"http:\/\/salondulivrejeunessevaldedrome.ovh\/index.php\/auteurs\/medhi-marion-oeil-cyclone\/\"><img loading=\"lazy\" width=\"500\" height=\"762\" src=\"http:\/\/salondulivrejeunessevaldedrome.ovh\/wp-content\/uploads\/2021\/10\/medhi-marion-oeil-cyclone.jpg\" alt=\"\" data-id=\"323\" data-full-url=\"http:\/\/salondulivrejeunessevaldedrome.ovh\/wp-content\/uploads\/2021\/10\/medhi-marion-oeil-cyclone.jpg\" data-link=\"http:\/\/salondulivrejeunessevaldedrome.ovh\/index.php\/auteurs\/medhi-marion-oeil-cyclone\/\" class=\"wp-image-323\" srcset=\"https:\/\/salondulivrejeunessevaldedrome.ovh\/wp-content\/uploads\/2021\/10\/medhi-marion-oeil-cyclone.jpg 500w, https:\/\/salondulivrejeunessevaldedrome.ovh\/wp-content\/uploads\/2021\/10\/medhi-marion-oeil-cyclone-197x300.jpg 197w\" sizes=\"(max-width: 500px) 100vw, 500px\" \/><\/a><figcaption class=\"blocks-gallery-item__caption\"><a href=\"http:\/\/mehdimarion.com\/\" target=\"_blank\" rel=\"noreferrer noopener\">http:\/\/mehdimarion.com\/<\/a><\/figcaption><\/figure><\/li><li class=\"blocks-gallery-item\"><figure><a href=\"http:\/\/salondulivrejeunessevaldedrome.ovh\/index.php\/auteurs\/alexandra-huard\/\"><img loading=\"lazy\" width=\"1200\" height=\"681\" src=\"http:\/\/salondulivrejeunessevaldedrome.ovh\/wp-content\/uploads\/2021\/05\/Alexandra-Huard.jpg\" alt=\"\" data-id=\"48\" data-full-url=\"http:\/\/salondulivrejeunessevaldedrome.ovh\/wp-content\/uploads\/2021\/05\/Alexandra-Huard.jpg\" data-link=\"http:\/\/salondulivrejeunessevaldedrome.ovh\/index.php\/auteurs\/alexandra-huard\/\" class=\"wp-image-48\" srcset=\"https:\/\/salondulivrejeunessevaldedrome.ovh\/wp-content\/uploads\/2021\/05\/Alexandra-Huard.jpg 1200w, https:\/\/salondulivrejeunessevaldedrome.ovh\/wp-content\/uploads\/2021\/05\/Alexandra-Huard-300x170.jpg 300w, https:\/\/salondulivrejeunessevaldedrome.ovh\/wp-content\/uploads\/2021\/05\/Alexandra-Huard-1024x581.jpg 1024w, https:\/\/salondulivrejeunessevaldedrome.ovh\/wp-content\/uploads\/2021\/05\/Alexandra-Huard-768x436.jpg 768w\" sizes=\"(max-width: 1200px) 100vw, 1200px\" \/><\/a><figcaption class=\"blocks-gallery-item__caption\"><a href=\"https:\/\/alexandrahuard.com\/work\" target=\"_blank\" rel=\"noreferrer noopener\">https:\/\/alexandrahuard.com\/work<\/a><\/figcaption><\/figure><\/li><\/ul><figcaption class=\"blocks-gallery-caption\"><strong><span class=\"has-inline-color has-secondary-color\">Cliquer sur les liens en bas des  illustrations des livres pour d\u00e9couvrir le site de l&#8217;auteur ou l&#8217;illustrateur et son univers.<\/span><\/strong><\/figcaption><\/figure>\n\n\n\n<p><\/p>\n","protected":false},"excerpt":{"rendered":"<p>Chaque ann\u00e9e, le troisi\u00e8me week-end du mois de novembre, venez vous immerger dans la litt\u00e9rature jeunesse. Le salon, situ\u00e9 \u00e0 La Gare \u00e0 Coulisses \u00e0 Eurre a eu l&#8217;honneur d&#8217;accueillir des auteurs comme Jean Claverie ci-dessous en d\u00e9dicaces et de nombreux autres auteurs\/illustrateurs de renomm\u00e9e nationale et internationale. Vous y retrouverez les auteurs et illustrateurs [&hellip;]<\/p>\n","protected":false},"author":1,"featured_media":12,"parent":0,"menu_order":0,"comment_status":"closed","ping_status":"closed","template":"","meta":[],"_links":{"self":[{"href":"https:\/\/salondulivrejeunessevaldedrome.ovh\/index.php\/wp-json\/wp\/v2\/pages\/15"}],"collection":[{"href":"https:\/\/salondulivrejeunessevaldedrome.ovh\/index.php\/wp-json\/wp\/v2\/pages"}],"about":[{"href":"https:\/\/salondulivrejeunessevaldedrome.ovh\/index.php\/wp-json\/wp\/v2\/types\/page"}],"author":[{"embeddable":true,"href":"https:\/\/salondulivrejeunessevaldedrome.ovh\/index.php\/wp-json\/wp\/v2\/users\/1"}],"replies":[{"embeddable":true,"href":"https:\/\/salondulivrejeunessevaldedrome.ovh\/index.php\/wp-json\/wp\/v2\/comments?post=15"}],"version-history":[{"count":54,"href":"https:\/\/salondulivrejeunessevaldedrome.ovh\/index.php\/wp-json\/wp\/v2\/pages\/15\/revisions"}],"predecessor-version":[{"id":520,"href":"https:\/\/salondulivrejeunessevaldedrome.ovh\/index.php\/wp-json\/wp\/v2\/pages\/15\/revisions\/520"}],"wp:featuredmedia":[{"embeddable":true,"href":"https:\/\/salondulivrejeunessevaldedrome.ovh\/index.php\/wp-json\/wp\/v2\/media\/12"}],"wp:attachment":[{"href":"https:\/\/salondulivrejeunessevaldedrome.ovh\/index.php\/wp-json\/wp\/v2\/media?parent=15"}],"curies":[{"name":"wp","href":"https:\/\/api.w.org\/{rel}","templated":true}]}}