{"id":522,"date":"2023-08-28T10:48:49","date_gmt":"2023-08-28T08:48:49","guid":{"rendered":"http:\/\/salondulivrejeunessevaldedrome.ovh\/?page_id=522"},"modified":"2023-08-28T10:49:27","modified_gmt":"2023-08-28T08:49:27","slug":"vous-etes-auteur","status":"publish","type":"page","link":"https:\/\/salondulivrejeunessevaldedrome.ovh\/index.php\/ecoles-auteurs\/vous-etes-auteur\/","title":{"rendered":"Vous \u00eates auteur ?"},"content":{"rendered":"\n<p>Vous voulez participer au salon, merci de nous envoyer votre demande accompagn\u00e9e d&#8217;une petite pr\u00e9sentation de vos livres \u00e0 l&#8217;adresse suivante : laculturedelivre@gmail.com<\/p>\n\n\n\n<p>Votre candidature sera examin\u00e9e par notre comit\u00e9 de s\u00e9lection. <\/p>\n\n\n\n<p>Pas de frais de stand, en revanche, pas de d\u00e9fraiement des frais de transport. Vous serez nourri mais votre logement sera \u00e0 votre charge.<\/p>\n","protected":false},"excerpt":{"rendered":"<p>Vous voulez participer au salon, merci de nous envoyer votre demande accompagn\u00e9e d&#8217;une petite pr\u00e9sentation de vos livres \u00e0 l&#8217;adresse suivante : laculturedelivre@gmail.com Votre candidature sera examin\u00e9e par notre comit\u00e9 de s\u00e9lection. Pas de frais de stand, en revanche, pas de d\u00e9fraiement des frais de transport. Vous serez nourri mais votre logement sera \u00e0 votre [&hellip;]<\/p>\n","protected":false},"author":1,"featured_media":0,"parent":219,"menu_order":-1,"comment_status":"closed","ping_status":"closed","template":"","meta":[],"_links":{"self":[{"href":"https:\/\/salondulivrejeunessevaldedrome.ovh\/index.php\/wp-json\/wp\/v2\/pages\/522"}],"collection":[{"href":"https:\/\/salondulivrejeunessevaldedrome.ovh\/index.php\/wp-json\/wp\/v2\/pages"}],"about":[{"href":"https:\/\/salondulivrejeunessevaldedrome.ovh\/index.php\/wp-json\/wp\/v2\/types\/page"}],"author":[{"embeddable":true,"href":"https:\/\/salondulivrejeunessevaldedrome.ovh\/index.php\/wp-json\/wp\/v2\/users\/1"}],"replies":[{"embeddable":true,"href":"https:\/\/salondulivrejeunessevaldedrome.ovh\/index.php\/wp-json\/wp\/v2\/comments?post=522"}],"version-history":[{"count":1,"href":"https:\/\/salondulivrejeunessevaldedrome.ovh\/index.php\/wp-json\/wp\/v2\/pages\/522\/revisions"}],"predecessor-version":[{"id":523,"href":"https:\/\/salondulivrejeunessevaldedrome.ovh\/index.php\/wp-json\/wp\/v2\/pages\/522\/revisions\/523"}],"up":[{"embeddable":true,"href":"https:\/\/salondulivrejeunessevaldedrome.ovh\/index.php\/wp-json\/wp\/v2\/pages\/219"}],"wp:attachment":[{"href":"https:\/\/salondulivrejeunessevaldedrome.ovh\/index.php\/wp-json\/wp\/v2\/media?parent=522"}],"curies":[{"name":"wp","href":"https:\/\/api.w.org\/{rel}","templated":true}]}}