{"id":566,"date":"2023-10-11T15:18:12","date_gmt":"2023-10-11T13:18:12","guid":{"rendered":"http:\/\/salondulivrejeunessevaldedrome.ovh\/?page_id=566"},"modified":"2023-10-11T17:05:22","modified_gmt":"2023-10-11T15:05:22","slug":"wanted-benevoles","status":"publish","type":"page","link":"https:\/\/salondulivrejeunessevaldedrome.ovh\/index.php\/wanted-benevoles\/","title":{"rendered":"Wanted : b\u00e9n\u00e9voles !"},"content":{"rendered":"\n<p>Vous avez une \u00e2me de chercheur de tr\u00e9sors et voulez partir \u00e0 la recherche de fonds, de partenariats, d&#8217;auteurs&#8230;. ou vous avez envie de vous mettre, le temps d&#8217;un salon, dans la peau d&#8217;un gar\u00e7on de caf\u00e9, d&#8217;un libraire, d&#8217;un cuisinier&#8230;. ou de tout cela \u00e0 la fois ! Nous sommes \u00e0 la recherche de b\u00e9n\u00e9voles qui souhaitent s&#8217;impliquer un peu, beaucoup ou m\u00eame \u00e0 la folie dans cette belle aventure 100% b\u00e9n\u00e9vole !<\/p>\n\n\n\n<p>En \u00e9change de quoi vous aurez le plaisir de partager des moments de r\u00e9unions \ud83d\ude09<\/p>\n\n\n\n<p>Toujours dans une bonne ambiance conviviale, soyez les bienvenus !<\/p>\n\n\n\n<p>Contactez Sabine au 06 82 15 92 74 ou laculturedelivre@gmail.com<\/p>\n\n\n\n<figure class=\"wp-block-image size-large\"><img loading=\"lazy\" width=\"1000\" height=\"662\" src=\"http:\/\/salondulivrejeunessevaldedrome.ovh\/wp-content\/uploads\/2023\/01\/DSC_8525.resized.jpg\" alt=\"\" class=\"wp-image-488\" srcset=\"https:\/\/salondulivrejeunessevaldedrome.ovh\/wp-content\/uploads\/2023\/01\/DSC_8525.resized.jpg 1000w, https:\/\/salondulivrejeunessevaldedrome.ovh\/wp-content\/uploads\/2023\/01\/DSC_8525.resized-300x199.jpg 300w, https:\/\/salondulivrejeunessevaldedrome.ovh\/wp-content\/uploads\/2023\/01\/DSC_8525.resized-768x508.jpg 768w\" sizes=\"(max-width: 1000px) 100vw, 1000px\" \/><\/figure>\n","protected":false},"excerpt":{"rendered":"<p>Vous avez une \u00e2me de chercheur de tr\u00e9sors et voulez partir \u00e0 la recherche de fonds, de partenariats, d&#8217;auteurs&#8230;. ou vous avez envie de vous mettre, le temps d&#8217;un salon, dans la peau d&#8217;un gar\u00e7on de caf\u00e9, d&#8217;un libraire, d&#8217;un cuisinier&#8230;. ou de tout cela \u00e0 la fois ! Nous sommes \u00e0 la recherche de [&hellip;]<\/p>\n","protected":false},"author":1,"featured_media":0,"parent":0,"menu_order":0,"comment_status":"closed","ping_status":"closed","template":"","meta":[],"_links":{"self":[{"href":"https:\/\/salondulivrejeunessevaldedrome.ovh\/index.php\/wp-json\/wp\/v2\/pages\/566"}],"collection":[{"href":"https:\/\/salondulivrejeunessevaldedrome.ovh\/index.php\/wp-json\/wp\/v2\/pages"}],"about":[{"href":"https:\/\/salondulivrejeunessevaldedrome.ovh\/index.php\/wp-json\/wp\/v2\/types\/page"}],"author":[{"embeddable":true,"href":"https:\/\/salondulivrejeunessevaldedrome.ovh\/index.php\/wp-json\/wp\/v2\/users\/1"}],"replies":[{"embeddable":true,"href":"https:\/\/salondulivrejeunessevaldedrome.ovh\/index.php\/wp-json\/wp\/v2\/comments?post=566"}],"version-history":[{"count":3,"href":"https:\/\/salondulivrejeunessevaldedrome.ovh\/index.php\/wp-json\/wp\/v2\/pages\/566\/revisions"}],"predecessor-version":[{"id":571,"href":"https:\/\/salondulivrejeunessevaldedrome.ovh\/index.php\/wp-json\/wp\/v2\/pages\/566\/revisions\/571"}],"wp:attachment":[{"href":"https:\/\/salondulivrejeunessevaldedrome.ovh\/index.php\/wp-json\/wp\/v2\/media?parent=566"}],"curies":[{"name":"wp","href":"https:\/\/api.w.org\/{rel}","templated":true}]}}

Wanted : bénévoles !

<p>Vous avez une âme de chercheur de trésors et voulez partir à la recherche de fonds, de partenariats, d&#8217;auteurs&#8230;. ou vous avez envie de vous mettre, le temps d&#8217;un salon, dans la peau d&#8217;un garçon de café, d&#8217;un libraire, d&#8217;un cuisinier&#8230;. ou de tout cela à la fois ! Nous sommes à la recherche de bénévoles qui souhaitent s&#8217;impliquer un peu, beaucoup ou même à la folie dans cette belle aventure 100% bénévole !</p>



<p>En échange de quoi vous aurez le plaisir de partager des moments de réunions 😉</p>



<p>Toujours dans une bonne ambiance conviviale, soyez les bienvenus !</p>



<p>Contactez Sabine au 06 82 15 92 74 ou laculturedelivre@gmail.com</p>



<figure class="wp-block-image size-large"><img loading="lazy" width="1000" height="662" src="http://salondulivrejeunessevaldedrome.ovh/wp-content/uploads/2023/01/DSC_8525.resized.jpg" alt="" class="wp-image-488" srcset="https://salondulivrejeunessevaldedrome.ovh/wp-content/uploads/2023/01/DSC_8525.resized.jpg 1000w, https://salondulivrejeunessevaldedrome.ovh/wp-content/uploads/2023/01/DSC_8525.resized-300x199.jpg 300w, https://salondulivrejeunessevaldedrome.ovh/wp-content/uploads/2023/01/DSC_8525.resized-768x508.jpg 768w" sizes="(max-width: 1000px) 100vw, 1000px" /></figure>

<p>Vous avez une âme de chercheur de trésors et voulez partir à la recherche de fonds, de partenariats, d&#8217;auteurs&#8230;. ou vous avez envie de vous mettre, le temps d&#8217;un salon, dans la peau d&#8217;un garçon de café, d&#8217;un libraire, d&#8217;un cuisinier&#8230;. ou de tout cela à la fois ! Nous sommes à la recherche de [&hellip;]</p>
